4/9.
2
Let r(o) = 2*o + 4. Let f be r(7). Let p = 29 - f. List the prime factors of p.
11
Let a = 195 - 135. Suppose a = 6*j - j. Suppose 3*w - j = 3. List the prime factors of w.
5
List the prime factors of 10/(-3)*12/(-1).
2, 5
Suppose -2*d - 3*d + 85 = 3*w, 2*w = 3*d - 32. What are the prime factors of d?
2, 7
List the prime factors of 3*3*(3 - (-148)/18).
101
Let m(r) = -r**2 - 9*r - 9. Let v be m(-7). Suppose v + 1 = -3*f - 4*t, -5*f + t + 13 = 0. What are the prime factors of 102/27 - f/(-9)?
2
Let a(k) = k**2 - 4. Let x be 4 + -2 + -10 - -2. Let r = -10 - x. What are the prime factors of a(r)?
2, 3
Suppose 5*m - m = 564. Let u = 199 - m. Suppose -u = -3*j + 2*h, j = -j - 4*h + 12. List the prime factors of j.
2
Suppose -2*t + 2*g + 104 = -0*t, 0 = -4*t - 4*g + 232. List the prime factors of t.
5, 11
Let a(d) = 5*d + 5. Let n(k) = -14*k - 15. Let g(z) = 8*a(z) + 3*n(z). What are the prime factors of g(-6)?
7
Let v(f) = 46*f**2 - f - 4. What are the prime factors of v(2)?
2, 89
Let r(m) = -3*m**3 - 3*m + 3*m**2 + 2*m**3 + m**2. Let a = -1 - -3. List the prime factors of r(a).
2
Let j = -2 + 6. Let c = j - 4. Suppose c*k - 55 = -5*k. What are the prime factors of k?
11
Let v = 49 - 20. What are the prime factors of (-3)/(-4 - (-113)/v)?
29
Suppose -4*z - 1 = 11. What are the prime factors of z/(-6)*26/1?
13
Let l(m) = m + 4. Let z be l(-4). Let c(o) = -o**2 + 4*o + 7. Let v(h) = h**2 - 3*h - 8. Let f(j) = -3*c(j) - 4*v(j). List the prime factors of f(z).
11
List the prime factors of (2 + 4/6)*(-17 + 53).
2, 3
Let r(z) = -11*z - 13. Let f be r(-6). Let v = f + -30. List the prime factors of v.
23
Let f(v) = -v**2 - 6*v + 5. Suppose -10 = 4*n + 18. Let l be f(n). What are the prime factors of ((-9)/2 + -1)*l?
11
Let l(c) = -2*c - 5. Let h be l(-7). Suppose -h = p + 5*r, -2*p + 2 + 0 = 5*r. List the prime factors of p.
11
Let v(l) = 17*l**2 + 3*l + 3. Let r(s) = -s**2 - s - 1. Suppose 0*a = 2*a - 6. Let x(p) = a*r(p) + v(p). What are the prime factors of x(-1)?
2, 7
Suppose -36 + 476 = 4*k. What are the prime factors of k?
2, 5, 11
Let o(y) = 14*y - 17. What are the prime factors of o(7)?
3
Let v(f) = 1 - 2 - 4*f - 1. List the prime factors of v(-3).
2, 5
Suppose 2*d - 4*p = -p + 80, 0 = 4*d + 5*p - 116. Suppose 11 = 3*b - d. Let s = b - 11. What are the prime factors of s?
2
List the prime factors of (3 + -1)*124/8.
31
Let o be 4 - 3 - (7 + 0). Let n(k) = -k**3 - 7*k**2 - 8*k - 4. What are the prime factors of n(o)?
2
List the prime factors of (-2 - -112)/2 - (-2)/2.
2, 7
Suppose -2*m - 2*m = -8. Suppose -2 + 8 = m*w. Suppose y = w*y - 28. List the prime factors of y.
2, 7
Suppose 15 = 7*v - 2*v. Suppose 16 = -2*x + v*x. List the prime factors of x.
2
Let m = 45 + 73. What are the prime factors of m?
2, 59
Let n(c) = -2*c**3 - 2*c**2 - c + 2. Let i be n(-2). What are the prime factors of (i/7)/(6/21)?
2, 3
Suppose -5*p = -4*g - 9, p - g + 15 = 4*g. List the prime factors of (-5)/(p/2) - -17.
3, 5
Let l = -16 + 22. Let s(d) = -d + 9. Let z be s(l). What are the prime factors of ((-13)/z)/((-2)/6)?
13
Let h(w) = -2*w**2 + 4*w**2 + w - 4 - w**2 + 12. What are the prime factors of h(0)?
2
Let r(q) = -q**2 + 8*q + 4. Let k be r(8). Let m be 17/5 + k/(-10). Suppose m*z + 0 = 36. What are the prime factors of z?
2, 3
Suppose -s - 5*l = 3*s - 1691, l = 4*s - 1721. List the prime factors of s.
3, 11, 13
Suppose -3*k - 27 = -4*k - t, 5*k - 147 = t. List the prime factors of k.
29
Let z = 14 - 9. Suppose y - 8 = r, z*y - 70 = -r - 4*r. What are the prime factors of y?
11
Suppose 5*h + 52 = -5*n + 152, 5*n - 130 = h. What are the prime factors of n?
5
Suppose -3*y - 107 = -p, -5*p + 3*y + 708 = 233. List the prime factors of p.
2, 23
What are the prime factors of 0 + (-2)/(-1) - -9?
11
Let z = 196 + -134. What are the prime factors of z?
2, 31
Suppose 6*m - 4 = 4*m. List the prime factors of m.
2
List the prime factors of (-596)/(-16) - 6/24.
37
Suppose -2*w + 3 = -3. Let l(j) = -j**3 + 3*j**2 + 3*j - 2. Let z be l(w). Suppose z*g = 5*g + 18. What are the prime factors of g?
3
Suppose 3*q - 4*o + 25 = 0, -4*o = 2*q - 13 + 3. Let n = 13 - q. Suppose -52 = -4*g - 3*p, -2*g - 4*p + n = -20. What are the prime factors of g?
2, 5
Suppose 5*v - 6 = 3*v. Let o(k) = k - 1. List the prime factors of o(v).
2
Suppose 2*l = 5*l + 12. List the prime factors of 26 + (3 + -6 - l).
3
Let o(s) = s**3 + 5*s**2 - s + 2. Let y be -1 + 24/(-3) + -1. Let u(a) = -a**2 - 10*a - 5. Let g be u(y). List the prime factors of o(g).
7
Let q(k) = 3*k + 3. Suppose -15 = -2*h + 7*h. Let j be q(h). What are the prime factors of 0/2 - (j + 3)?
3
Let m be (-9)/(-2)*16/6. Suppose -20 - 4 = -3*d. Let a = m - d. What are the prime factors of a?
2
Suppose 5*n = -2*p + 11, 5*n + 2*p - 2 = 3*p. Let b be n/(((-9)/3)/(-18)). Let j = b - -4. List the prime factors of j.
2, 5
Suppose -3*b + 4*u - 338 = 0, -74 + 512 = -4*b - u. Let j = -78 - b. List the prime factors of j.
2
Suppose 14*o - 54 = 12*o. List the prime factors of o.
3
Let m = 4 - 2. What are the prime factors of m + 1 + 9 + -2?
2, 5
Let l be ((-6)/(-7))/((-1)/14). What are the prime factors of l/(-36) + (-17)/(-3)?
2, 3
Let a(w) = w + 13. List the prime factors of a(-11).
2
Let r = 5 - 4. Let z be 8 + r - (-1 - -2). Let c = z + -1. What are the prime factors of c?
7
Suppose -3*i + i = -62. What are the prime factors of i?
31
Suppose -2*o + 8 = -5*a, -3*a + 6 = 2*o - 2. Let p(h) = h + 12. Let n(z) = 1. Let s(r) = 2*n(r) + p(r). What are the prime factors of s(a)?
2, 7
Let n = 53 - 33. Suppose -3*i = -2*h + 4*h - n, -h + 3*i + 1 = 0. List the prime factors of h.
7
Suppose -94 = 3*a - 4*a. Suppose 0 = -4*n - 8, n = -2*f - 2*f + a. List the prime factors of f.
2, 3
What are the prime factors of 64/12*(-9)/(-4)?
2, 3
Let o = -264 - -392. What are the prime factors of o?
2
Let a be 2/3 + (-4)/(-12). Suppose m - a - 5 = 0. List the prime factors of m.
2, 3
Suppose 0 = 3*v - 5*v + 46. Suppose v = 3*d + 8. What are the prime factors of d?
5
Suppose 4 + 2 = 3*t. Suppose -m = t*m - 30. What are the prime factors of m?
2, 5
Suppose 86 = 4*m + 6. List the prime factors of m.
2, 5
Suppose 139 + 71 = 6*t. List the prime factors of t.
5, 7
Let o be 2/(-1) + (0 - -56). Let m = 89 - o. Suppose -4 = -3*s + m. List the prime factors of s.
13
Let u = -43 - -84. Suppose -3*d + 13 = -u. List the prime factors of d.
2, 3
Let q(c) = -c**3 - 20*c**2 + c + 22. List the prime factors of q(-20).
2
Let f(m) = -m + 12. Suppose d + 0*d + 4*j = 11, 0 = 4*d + 4*j - 32. List the prime factors of f(d).
5
Let f = -2 - -4. Suppose -f*g = 3*c - 6, -4*c - 24 = -3*g - c. List the prime factors of g.
2, 3
Suppose x - 6*x = -100. What are the prime factors of x?
2, 5
Let b(r) = r**2 - 4*r + 5. Let v be b(4). Suppose -v*m + 3*c = -3, -3*m - 13 = -2*m - 4*c. Suppose -14 = -m*o + 4. What are the prime factors of o?
2, 3
Let v(p) = -2*p**2 - 2*p - 2. Let m(f) = f**2 + f + 1. Let q(b) = -3*m(b) - 2*v(b). Let h be q(-1). What are the prime factors of -2 + h + 13 + -1?
11
Suppose -2*j = -5*j + 21. Let l = -5 + j. Let a = 18 - l. List the prime factors of a.
2
Let i = 2 - -2. Let p(s) be the third derivative of s**5/60 - s**4/24 + 2*s**2. What are the prime factors of p(i)?
2, 3
Let p(z) = 1 - 4*z**2 + 5*z**2 + 2*z + 7*z**2. List the prime factors of p(-1).
7
Let p = -10 - -16. Let f = p - 1. Suppose -2*u + 25 = f. List the prime factors of u.
2, 5
Let f(p) be the first derivative of p**2 + 3*p + 2. Let t be f(-6). What are the prime factors of t/(-1)*6/9?
2, 3
Suppose -3*m + 51 = -x + 2*x, -m - x + 19 = 0. Let t = 30 - m. List the prime factors of t.
2, 7
Let n = 29 + 22. List the prime factors of n.
3, 17
Let g(m) = -4*m**2 - m - 1. Let t be g(-1). Let d be (-13)/t + (-2)/8. Suppose 2*s = 3*s + 3*k + 2, -d*k + 10 = 4*s. List the prime factors of s.
2
Let t(o) = o**3 + 3*o**2 + o + 1. Let p be t(-3). Let h = p + 5. What are the prime factors of h?
3
Let o be (10/(-4))/(2/(-4)). List the prime factors of -1 + -1 - (-30)/o.
2
Suppose -d - 200 = -6*a + 4*a, 0 = -2*a - d + 200. List the prime factors of a.
2, 5
Suppose j + 0*p + 2*p - 75 = 0, -5*p - 345 = -5*j. What are the prime factors of j?
71
Suppose 10 = -3*v + 2*t, v - t = -3*v - 5. Let i(j) = j**3 + j**2 - 2*j + 3. Let o be i(3